ivided by 11.
7
Calculate the remainder when 9 is divided by -12*(4 + 39/(-9)).
1
Let s(y) = 2*y - 7. Let j be s(5). Suppose j*q = q. Suppose o - 11 - 1 = q. What is the remainder when 35 is divided by o?
11
Let f = 38 - 22. Let z(x) = x**3 + 5*x**2 + 5*x + 5. Let d be z(-4). Let h(j) = 8*j**3 + j**2. Calculate the remainder when f is divided by h(d).
7
Let m be -1 + (35 - (-4)/4). Calculate the remainder when 31 is divided by m/4 + 7/28.
4
Let o = -289 - -478. What is the remainder when o is divided by 48?
45
Let g(u) = -3*u + 6. What is the remainder when 9 is divided by g(0)?
3
Let q(u) = -u**2 + u + 5. Calculate the remainder when 19 is divided by q(0).
4
Let k be 11/2*8/(-4). Let b(j) = j**3 + 11*j**2 - 2*j - 1. What is the remainder when b(k) is divided by 8?
5
Suppose -r - 4*x + 5 = -15, -x + 24 = 5*r. Suppose -33 - 27 = -r*p. Calculate the remainder when 43 is divided by p.
13
Suppose 3*m = 5*j + 21, -2*j - 37 = -4*m - 9. Let y = m - 5. Suppose 2 = -y*p + 24. What is the remainder when 31 is divided by p?
9
Let b = 14 - -139. What is the remainder when b is divided by 22?
21
Let r = -22 + 33. Let p(u) = u**2 - 4*u - 4. Let z be p(5). Let a = z - -5. What is the remainder when r is divided by a?
5
Suppose 6 = -l + 3*l - 2*b, 5*l + b = 9. Suppose 20 = 2*k + l*k. What is the remainder when k is divided by 2?
1
Suppose 3*v - 5 = 28. Suppose -v - 10 = -a. Let n = -12 + a. Calculate the remainder when 16 is divided by n.
7
Suppose -1 = -x - 2, -f + 3 = -x. Let t(v) = -v + 9*v**2 + 4 + 4*v**2 - 3 + 3*v**f. What is the remainder when t(1) is divided by 9?
7
Let l be -1 - (-7)/((-21)/6). Calculate the remainder when 46 is divided by ((-24)/l)/((-2)/(-3)).
10
Let s = -53 - -60. Suppose -57 = -4*w - 5. Calculate the remainder when w is divided by s.
6
Suppose 12 = 10*g - 6*g. Suppose 2*s + g*s - 5 = 0. What is the remainder when s is divided by 1?
0
Suppose 0 = -2*s + m + 70, -4*s + 2*m + 2*m + 144 = 0. Let l = -26 + s. Calculate the remainder when 13 is divided by l.
5
Suppose -10*n = -8*n - 8. Suppose 3*p + 3*t = 69, n*t + 0 = 3*p - 76. What is the remainder when 46 is divided by p?
22
Let l(c) = c**3 - 8*c**2 + 12*c - 14. Let v = 37 + -16. Calculate the remainder when l(8) is divided by v.
19
Calculate the remainder when ((-28)/(-2) + 2)/((-3)/(-24)) is divided by 44.
40
Let c(o) = -5 - 14*o**3 + o + 3*o**2 + 13*o**3 + 3 - 7*o**2. Calculate the remainder when 51 is divided by c(-5).
15
Suppose 2*o = 7*o - 105. Calculate the remainder when o is divided by 5.
1
Let c = -6 + 12. Suppose 3*b = -4*h + c*b + 160, 55 = h + 3*b. Suppose 0 = -4*o - q + 142, o = -7*q + 3*q + h. Calculate the remainder when o is divided by 12.
11
Suppose 55 = 3*o + 4*a, a + 26 - 4 = 2*o. Let x = 52 - 16. Calculate the remainder when x is divided by o.
10
Let b = 11 + -6. Suppose -1 = i + g - 4, 4*i - 3*g - 5 = 0. Calculate the remainder when b is divided by i.
1
Suppose 0 = -3*m + 5*s + 5 + 1, -3*m - 12 = s. Calculate the remainder when 5 is divided by 2/m - 22/(-6).
2
Suppose 2*h + 2*h = 3*n - 21, 4*h + 12 = 0. Suppose -y - 5*c - 913 = -3*y, -n*y + 3*c = -1383. What is the remainder when (-12)/30 + y/10 is divided by 16?
14
Let q = 5 - -12. What is the remainder when 65 is divided by q?
14
Suppose -l = 5*u - 13, 0*u = u - 2. Suppose 0*h + 4*p = -h - 2, -3*p = -l*h + 9. What is the remainder when 5 is divided by h?
1
Let t = 93 + -77. What is the remainder when 44 is divided by t?
12
Calculate the remainder when 15 is divided by ((-105)/(-2))/(-5)*2/(-3).
1
Let p(c) = -4*c**2 + c. Let v be p(-1). Let h = 8 + v. Suppose h*a - 3*y - 39 = -0*a, 2*a + 3*y - 1 = 0. What is the remainder when a is divided by 3?
2
Calculate the remainder when (-9)/(-15) - (1 - (-1282)/(-5)) is divided by 52.
48
Suppose 5*d = -4*r + 126, 3*r - 47 = 2*d + 59. Calculate the remainder when 101 is divided by r.
33
Let w be (-8)/16 - (-11)/(-2). What is the remainder when 62 is divided by (w - 7)/(-1*1)?
10
Suppose c + 3 = l - 3, -l - 5*c = -12. What is the remainder when 11 is divided by l?
4
Calculate the remainder when 23 is divided by (15/(-3) - -2) + 15.
11
Let x(q) = -10*q + 2. Calculate the remainder when x(-5) is divided by 19.
14
Let m be 3 - 2/1 - -21. Suppose -2*f = -0*f + 32. Let y = m + f. What is the remainder when 10 is divided by y?
4
Let d be (39/2)/(1/(-2)). What is the remainder when 21 is divided by d/6*-2 - 2?
10
Let z be (-9)/3 + (1 - 1). Calculate the remainder when 53 is divided by (z + 2 - 0)*-18.
17
Let g = 304 + -290. Suppose 0 = 3*m - 0*m - 441. Suppose 0 = 3*v - 0*v + 4*a - m, -162 = -3*v + a. Calculate the remainder when v is divided by g.
11
Let p be (-438)/4 + (-3)/(-6). Calculate the remainder when p/(-3) - (-1)/(-3) is divided by 13.
10
Let x(s) = s**3 - 20*s**2 - 42*s - 22. Calculate the remainder when (-1)/(-2) + 125/2 is divided by x(22).
19
Let l = -27 - -48. Let r = 6 - l. Let g = -4 - r. Calculate the remainder when g is divided by 7.
4
Let k = 44 - -11. What is the remainder when k is divided by 8?
7
Let p(l) = 2*l**2 - 6*l - 7. What is the remainder when p(-4) is divided by 17?
15
Let l(z) = z**3 - 17*z**2 + 32*z - 21. Let f(b) be the first derivative of 5*b**3/3 - 5*b**2/2 + 4*b - 1. Calculate the remainder when f(3) is divided by l(15).
7
Let i(m) = m + 2. What is the remainder when i(4) is divided by 2?
0
Suppose 0 = 4*s - 0*s - 220. Let t = -27 + s. Calculate the remainder when ((-6)/4)/((-2)/t) is divided by 11.
10
Let l be (-3 - 51/(-9))*-3. Calculate the remainder when 27 is divided by 12/l*(-28)/6.
6
Let t = 1 - 1. Let z(a) = 2*a + 6*a + 9 + t*a**2 + a**2. What is the remainder when 26 is divided by z(-8)?
8
Suppose 0*i = -5*i - 3*r + 106, -i + r = -26. What is the remainder when 90 is divided by i?
21
Suppose 2*n + 28 = -2*k + 2, -2*n - 34 = 3*k. Let y = k + 23. Suppose s + 10 = 39. Calculate the remainder when s is divided by y.
14
Suppose 4*x - 38 = 3*x + 4*f, 0 = -x - 4*f + 30. Let a = x + 53. What is the remainder when a is divided by 22?
21
Suppose 0 = -w - 6 + 38. What is the remainder when w is divided by 1 - (0 + -17 - -1)?
15
Let m be -2 + 2 + 2*1. Suppose -25 - 3 = -4*y. Suppose 3*o - y = m*o. What is the remainder when 20 is divided by o?
6
Suppose -2 = -4*x - 6, -x + 21 = 2*c. Let v(m) = -2*m**2 + 7*m**2 + 4*m + m**3 + 4 + m**2. Calculate the remainder when v(-4) is divided by c.
9
Let q = -6 + 14. What is the remainder when 31 is divided by q?
7
Suppose -2*x + 9 = -13. What is the remainder when 41 is divided by x?
8
Let y = 7 - 3. Suppose -3*q - 4*z = -3*z - 26, y*q - z - 30 = 0. Calculate the remainder when 15 is divided by q.
7
Let t = 90 - 61. Suppose 40*q - 60 = 36*q. Calculate the remainder when t is divided by q.
14
Let d(i) = i**2 - 4*i - 3. Suppose -s + 24 = 3*m + 5, 0 = 3*s - 12. What is the remainder when d(6) is divided by m?
4
Let c = 28 + 11. Let f = 85 - c. What is the remainder when f is divided by 12?
10
Let h(s) = 28*s**3 - s**2 + s - 1. Let q(m) = m**2 + 8*m + 1. Let n be q(-8). What is the remainder when 52 is divided by h(n)?
25
Suppose 4*j - 70 = -j. What is the remainder when 26 is divided by 4/j + 61/7?
8
Let i(l) = -10*l**2 - 3*l + 1. Let w be i(3). Let m = w - -232. Calculate the remainder when m is divided by 34.
32
Let t be (-2)/(-11) - (-12)/(-66). Suppose 89 = 4*s - 83. What is the remainder when s is divided by 25 + -2 + (t - 0)?
20
Let h(q) = -2*q - 1. Let p be h(-8). Suppose -3*j + p + 165 = 3*k, -2*j - 4*k = -130. What is the remainder when j is divided by 19?
17
Suppose 0 = 10*s - 11 - 189. What is the remainder when 58 is divided by s?
18
Let j(w) = -2*w**2 - 21*w + 2. Calculate the remainder when 107 is divided by j(-10).
11
Let t(o) = -o**3 - 3*o**2 - 2*o - 2. Let w be t(-3). Suppose w*f + 5*r - 2 = 34, 4 = -2*f + 3*r. Calculate the remainder when 10 is divided by f.
2
Let v(q) = -10*q**2 + 12 + 0*q + 3*q**3 + 8*q - 2*q**3. Let a be v(9). Let s = a + 5. Calculate the remainder when 22 is divided by s.
6
Let n = 44 + -17. Suppose 5*t = 2*t + n. Let r = 15 - t. What is the remainder when 10 is divided by r?
4
Let c = 213 + -211. Suppose 5*r - 5 + 0 = 0. Calculate the remainder when c is divided by r.
0
Let d(r) = r**2 - 7*r + 7. Let i be d(6). What is the remainder when 0 - (-23 - (i - 2)) is divi